termine n(-6).
-6
Let x be ((-216)/(-20))/(10/25). Let l be (-2)/8 + x/(-4). Let c(t) = -t**2 - 6*t - 3. Give c(l).
-10
Suppose 4*x - 2*o + 66 = 0, -5*o - 1 + 82 = -4*x. Let s(h) = h**3 + 14*h**2 - 2*h - 27. Give s(x).
1
Let f(q) = 12*q**3 + 5*q**2 + 3 + 6*q - 1 + 4 - 6*q**3 - 7*q**3. Give f(6).
6
Let j(v) = v**2 + 14*v - 33. Let t be j(-16). Let a(b) = -5*b. Give a(t).
5
Let r(j) = 7*j - 49. Let l be r(6). Let z(o) = -o**2 - 7*o + 10. Give z(l).
10
Let g(l) = 2*l**2 + 176*l - 78*l - 103*l + 6. Give g(4).
18
Let s(t) = -20*t**3 - 41*t**2 - 44*t - 32. Let g(d) = 7*d**3 + 14*d**2 + 15*d + 11. Let b(i) = -17*g(i) - 6*s(i). Give b(-6).
23
Let c(h) = -2*h**2 - h. Let j(l) = 7*l**2 + 9*l + 5. Let q(p) = -3*c(p) - j(p). What is q(-6)?
-5
Suppose 3*c = -x - 11, 6 = -2*x - 4. Let l be c/(-10) + 20/25. Let k(r) = -2*r**2 - 3*r - 7. Let u(h) = 1. Let t(q) = l*k(q) + 5*u(q). Give t(-2).
-4
Let j(l) = l**3 - 9*l**2 - 17*l + 12. Let q be j(8). Let d = q + 190. Let y(c) be the first derivative of -4*c**3/3 + c**2 - 3*c - 1. Calculate y(d).
-15
Suppose 15 = 2*h + 5. Suppose 4*z - h*x = -0*z - 5, 3*x - 3 = 0. Let i(r) be the second derivative of r**4/12 - r**3/6 + 3*r**2 - 3*r + 3. Give i(z).
6
Let o(a) = a**2 - 22*a - 40. Let s be o(24). Let h(c) = -1 - 36*c + 16*c + s + 19*c. Let t = -1 - -1. Give h(t).
7
Suppose 113 = 10*u + 13. Suppose -u*w = -8*w - 6. Let q(o) = -o**2 + 5*o + 2. Calculate q(w).
8
Let m(u) = -8*u + 4. Let z(i) = i**2 - 16*i + 44. Let h be z(4). Give m(h).
36
Let v be (132/(-77))/(-2 + 48/28). Let x(m) = -m + 3. Calculate x(v).
-3
Let u(m) = 2*m - 3. Suppose 12*c = 11*c + 6. Determine u(c).
9
Let s(o) be the third derivative of o**5/30 + o**3/3 - o**2. Let i = -259 - -261. Give s(i).
10
Let o(r) = -r**2 - 24*r - 54. Let q be o(-16). Let n(l) = 69 + 2*l - l**2 - 4*l - q. Calculate n(0).
-5
Suppose -28*r - 207 = -39. Let n(v) = -v - 9. Give n(r).
-3
Let r be ((-14)/(-4))/(2/(-4)). Let x(s) = -8 + 12 + 8*s + s**3 - 66*s**2 - 68*s**2 + 142*s**2. Calculate x(r).
-3
Let y(d) = -d**3 + 7*d**2 - 8*d - 3. Suppose 0 = -5*h + 4*w + 14, 4*h - 4*w + w = 12. Give y(h).
-15
Let k(z) be the third derivative of -z**6/120 + z**4/24 + 4*z**3/3 + 6*z**2 - 3. Calculate k(0).
8
Let w(k) = -4*k**2 - 10*k + 7. Let h(q) = -q**2 - 2*q + 1. Let f(n) = -3*h(n) + w(n). What is f(1)?
-1
Let l(i) = -i**2 + 4. Let c = -66 + 95. Suppose 1 = 4*z + 5, 3*x - 2*z = c. Suppose -2*q - 3*g + x = 0, -3*q - 3 = -q - g. Calculate l(q).
4
Suppose -27 = -f + 4*f + 2*a, -2*f + 3*a - 31 = 0. Let l(c) = -c**3 - 11*c**2 + 2*c + 4. What is l(f)?
-18
Let a(h) = h**2 - 18*h + 40. Let l be a(16). Let y(f) = f + 1. Determine y(l).
9
Suppose 0 = -5*g + w + 12, g + 0*w - 4*w = -9. Suppose -5*l = 5*v + 20, -2*v = l + g*l + 12. Let k(p) = p**3 + p**2 + p + 1. What is k(v)?
-5
Let j(k) = 20*k**2 - 12*k - 6. Let t = 414 + -431. Let o(z) = z - z - 7*z**2 + 2 + 4*z. Let v(f) = t*o(f) - 6*j(f). Determine v(5).
-3
Let c(k) be the third derivative of k**9/60480 - k**8/4032 - k**7/5040 + k**5/15 - 14*k**2. Let p(f) be the third derivative of c(f). Calculate p(5).
-5
Let h = -39 - -42. Let w(y) = h + y - 5 + 8. Calculate w(-8).
-2
Let n be (-1)/(((-12)/16)/(-3)). Let w(a) = -4 + 4*a**2 - 15*a**2 + 10*a**2. Calculate w(n).
-20
Let p(x) = -x**2 - 10*x + 73. Let f(c) = c**2 + 9*c - 75. Let l(z) = 3*f(z) + 2*p(z). What is l(-13)?
-1
Let m(j) = j**2 - 14*j - 6. Let v be (-45)/18*(-56)/10. Give m(v).
-6
Suppose 5*b - 5*z = 0, 5*b - 15 = -0*b + 2*z. Suppose w = 3*w + 6, -b*i - 6 = 2*w. Let l(d) = -4 + i*d**2 + d**2 + 6 + 4. Calculate l(0).
6
Let q(m) = m - 3. Let j(z) = -1 - 1 + 1. Let l(g) = 6*j(g) - q(g). Let d be 1805/380 + 3/(-4). Give l(d).
-7
Let q(y) = -y**2 - 7*y + 8. Let c(f) = -f - 14. Let l be c(-6). Calculate q(l).
0
Let b(m) = m + m - 7*m. Calculate b(-3).
15
Let g = 29 + -32. Let j(p) = p + 2. What is j(g)?
-1
Let v(l) = -2*l. Let o(a) be the third derivative of a**5/60 - 3*a**4/8 + 8*a**3/3 + a**2 + 3*a. Let b be o(4). Calculate v(b).
8
Let z(o) = -3*o + 2. Let m(v) = v**2 + v + v - 7*v - 5*v - 22. Let s be m(12). Give z(s).
-4
Let d(w) = 7*w**2 + 13*w + 15. Let m be d(-1). Let z(k) = -5*k + 10. What is z(m)?
-35
Let l(r) be the second derivative of 6*r + 0 + 1/3*r**3 + 2*r**2. Determine l(-3).
-2
Let q = 8 + -5. Suppose -4*x + 5*x - q = 0. Suppose -j + 15 = 4*t - 0*t, x*j + 5*t = 31. Let d(i) = -i - 3. Give d(j).
-10
Let r(n) = -3*n - 1. Let q(t) = -9*t - 6 - 6 + t - t**2 + 5. Let g be q(-6). Suppose 4*a - g = -1. Determine r(a).
-4
Let s(v) be the first derivative of v**3/3 - 3*v**2/2 - 3*v - 548. Determine s(6).
15
Let v(z) = -15*z**2 - 21*z - 26. Let y(g) = -7*g**2 - 9*g - 13. Let o(l) = 6*v(l) - 13*y(l). Calculate o(11).
35
Suppose 5*i - 18 = -v, -5*v - 4*i = 43 - 28. Let z(s) = s**2 + s - 1. Determine z(v).
41
Let s(q) = 11*q**3 - 70*q**2 - 113*q - 109. Let b(o) = 8*o**3 - 47*o**2 - 75*o - 72. Let f(j) = -7*b(j) + 5*s(j). Give f(-19).
-3
Let r = 11 + -9. Suppose 2*w = -r*w + 12. Suppose -3*u + 13 = -5*l, u + w*l + 24 = -l. Let q(m) = m**2 + 3*m - 2. What is q(u)?
2
Let o = 65/74 - 14/37. Let a(l) be the second derivative of 0 + o*l**3 + l**2 + 4*l + 1/3*l**4. What is a(-2)?
12
Let m(x) = -8*x**2 - x**3 - 9*x + x**2 + 161 - 165. Suppose 0 = -0*k - k - 2. Let q be ((-4)/(-5))/(k/15). Calculate m(q).
14
Let r be 1186/8 - (4/(-16))/(-1). Let a(i) = -1 + 2 + 2*i**2 + 0 - 2*i + r*i**3 - 139*i**3. Determine a(1).
10
Let z = 6 - 8. Let v(g) = -4*g**2 - 3*g + 3. Let n(u) = 3 - 8*u**2 + 5*u - 6*u - 6*u + 4. Let a(o) = -2*n(o) + 5*v(o). Determine a(z).
-13
Let l(v) = -v**2 - 3*v + 2. Let o be l(-3). Let k(t) = 0*t - 1 + 268*t**o - 2*t + 4*t**3 - 269*t**2. Determine k(-1).
-4
Suppose 0 = u - 2*i, 0*i = -u + i. Let t(j) be the third derivative of 1/30*j**5 + 0 + 0*j**4 + 1/20*j**6 + u*j + 4*j**2 - 1/6*j**3. Determine t(-1).
-5
Let u be (-1780)/150 + 0 + 6/(-45). Let p(j) = -j**2 - 8*j + 49. Calculate p(u).
1
Let h(n) = 1. Suppose -3*s = -2*o + 5, 4*o - 5*s - 2 = 7. Let l(a) be the third derivative of a**5/60 - a**4/8 + a**2. Let i(d) = o*l(d) - 2*h(d). What is i(5)?
8
Let h(f) = f**3 + 17*f**2 + 17*f + 10. Suppose -5*k + 256 = -21*k. Calculate h(k).
-6
Suppose -3*r + 14 = c, 5 - 6 = -4*c - r. Let g(a) = 11*a**2 + a. Calculate g(c).
10
Suppose 3*r + 0*r - 24 = 0. Let u(w) = -w + 10. Give u(r).
2
Let t(f) = -f - 6. Let z = 80 - 80. Calculate t(z).
-6
Suppose -28*m + 15 = -33*m. Let v(x) be the third derivative of -5*x**4/24 + x**3/3 - 26*x**2. Calculate v(m).
17
Let d(h) = 6*h**2 + 15*h**2 - 24*h**2 - 2 + 3. Give d(3).
-26
Let i(g) = -g**3 - 5*g**2 + g + 1. Suppose -7*u + 1150 = -334. Let p be 4/(-22) - u/44. What is i(p)?
-4
Let d(f) be the first derivative of -f**3/3 - f**2/2 + f - 20. Let v(m) = -m**2 + 9*m + 17. Let o be v(13). Let r be (-32)/14 - 10/o. Give d(r).
-1
Suppose -23 = -2*c + 27. Suppose -4*o + 11 = -c. Let b(r) = o + 16 - r - 8. Give b(0).
17
Let y(c) be the second derivative of -c**3/3 - 11*c**2/2 + 10*c - 1. Calculate y(-6).
1
Let a(z) = -2*z - 3. Let y(s) = 2*s**3 + s**2 + s + 1. Let r be y(-1). What is a(r)?
-1
Let h(i) = 27*i**3 + i**2 + 9*i + 1. Let b(f) = 16*f**3 + f**2 + 5*f + 1. Let o(y) = 5*b(y) - 3*h(y). What is o(0)?
2
Suppose -2*g = -3*g + 5*n - 1, -2*n - 10 = -3*g. Let j(k) = k**3 - 4*k**2 - 3*k + 2. Determine j(g).
-10
Let b(h) = -3*h**3 - h - 7. Let s(m) = 8*m**3 + 2*m + 15. Let k(v) = 13*b(v) + 6*s(v). Give k(-1).
-9
Let c be 6/(-4 - 55/(-10)). Suppose z - 2*z = -3*h + 10, 0 = 2*z - c. Let m(f) = -f**2 + 3*f - 6. Determine m(h).
-10
Let u = 63 - 60. Let n(x) = 6 + x - u - 8. Calculate n(0).
-5
Let o(n) be the third derivative of -1/24*n**4 + 0 - 5/3*n**3 + 0*n - 18*n**2. Give o(-7).
-3
Let r = 30 + -27. Let t(x) = 28*x - 14*x + 9*x**r - 13*x + 1. What is t(-1)?
-9
Let j(v) = -7*v + 5. Let l(h) = -h**2 - 10*h - 21. Let u be l(-4). Determine j(u).
-16
Let f(v) = -v**3 - 5*v**2 - 2*v + 4. Suppose 3*d - 15 = 8*d. Calculate f(d).
-8
Let q(z) = -z**2 - 11*z - 19. Let a(c) = 6*c - 9. Let b be a(0). Determine q(b).
-1
Let x(l) = l + 57 - 3*l + l - 51. Let n(s) = -s**2 + 6*s + 5. Let k be n(5). Let d be x(k). Let m(j) = 2*j**2 + 6*j + 2. Determine m(d).
10
Let v = 140 + -147. Let d(w) = -4 + 0 + 5*w - 3. Let g(x) = 11*x - 14. Let s(m) = -13*d(m) + 6*g(m). Calculate s(v).
0
Let 